{"id":100062,"date":"2025-01-11T20:06:10","date_gmt":"2025-01-11T19:06:10","guid":{"rendered":"https:\/\/sex60.de\/shop\/produkt\/calex-adv-silikonpumpenhuelle-schwarz\/"},"modified":"2025-01-11T20:06:11","modified_gmt":"2025-01-11T19:06:11","slug":"calex-adv-silikonpumpenhuelle-schwarz","status":"publish","type":"product","link":"https:\/\/sex60.de\/shop\/produkt\/calex-adv-silikonpumpenhuelle-schwarz\/","title":{"rendered":"CALEX ADV SILIKONPUMPENH\u00dcLLE SCHWARZ"},"content":{"rendered":"<p> Genie\u00dfen Sie ein Pump-Erlebnis mit extremem Komfort und Schutz und f\u00fcgen Sie Ihrer Lieblingspumpe die fortschrittliche Silikonh\u00fclle hinzu. <\/p>\n<p> Diese flexible, dehnbare und sch\u00fctzende H\u00fclle verhindert unangenehmes Saugen und sorgt f\u00fcr ein luxuri\u00f6ses Erlebnis. Penispumpen saugen luftdicht um Ihren Penis. <\/p>\n<p> Das Pumpen f\u00fchrt zu erh\u00f6htem Blutdruck und Durchfluss; Kurzfristig f\u00fchrt dies zu Erektionen, die schwieriger als je zuvor sind. Langfristig f\u00f6rdert das Pumpen das Wachstum in L\u00e4nge und Breite, sodass Sie Ihre Liebhaber beeindrucken und Ihr Vertrauen in das Schlafzimmer st\u00e4rken k\u00f6nnen. <\/p>\n<p> Diese Pumpenh\u00fclse passt f\u00fcr Zylinder mit einem Durchmesser von bis zu 3 Zoll. Die H\u00fclse besteht aus hochwertigem Silikon, um Ihnen das gew\u00fcnschte angenehme Saugerlebnis zu bieten. <\/p>\n<p> Schieben Sie es einfach auf den Zylinderboden Ihres Lieblingsger\u00e4ts, um zus\u00e4tzlichen Komfort und Schutz zu bieten. <\/p>\n<p> Reines Silikon bietet den ultimativen, haltbaren Sprengring f\u00fcr eine Vielzahl von Zylindergr\u00f6\u00dfen. Diese Universalh\u00fclle ist k\u00f6rpersicher und frei von Duftstoffen und sorgt f\u00fcr ein beruhigendes Gef\u00fchl. <\/p>\n<ul>\n<li> Ma\u00dfe: 7,5 x 3,25 cm <\/li>\n<li> Material: Silikon <\/li>\n<\/ul>\n<p> Im Streben nach unmittelbarem Vergn\u00fcgen setzen kalifornische Exoten ihre Innovationen mit Tausenden von Produkten f\u00fcr weibliches und m\u00e4nnliches Vergn\u00fcgen fort. Bist du bereit zum Handeln? <\/p>\n","protected":false},"excerpt":{"rendered":"<p>Genie\u00dfen Sie ein Pump-Erlebnis mit extremem Komfort und Schutz und f\u00fcgen Sie Ihrer Lieblingspumpe die fortschrittliche Silikonh\u00fclle hinzu. Diese flexible, dehnbare und sch\u00fctzende H\u00fclle verhindert unangenehmes Saugen und sorgt f\u00fcr ein luxuri\u00f6ses Erlebnis. Penispumpen saugen luftdicht um Ihren Penis. Das <a href=\"https:\/\/sex60.de\/shop\/produkt\/calex-adv-silikonpumpenhuelle-schwarz\/\"> Read more&#8230;<\/a><\/p>\n","protected":false},"featured_media":94911,"comment_status":"closed","ping_status":"open","template":"","meta":[],"product_brand":[],"product_cat":[1080],"product_tag":[],"class_list":{"0":"post-100062","1":"product","2":"type-product","3":"status-publish","4":"has-post-thumbnail","6":"product_cat-sexspielzeug-xxx","8":"first","9":"instock","10":"taxable","11":"shipping-taxable","12":"purchasable","13":"product-type-simple"},"_links":{"self":[{"href":"https:\/\/sex60.de\/shop\/wp-json\/wp\/v2\/product\/100062","targetHints":{"allow":["GET"]}}],"collection":[{"href":"https:\/\/sex60.de\/shop\/wp-json\/wp\/v2\/product"}],"about":[{"href":"https:\/\/sex60.de\/shop\/wp-json\/wp\/v2\/types\/product"}],"replies":[{"embeddable":true,"href":"https:\/\/sex60.de\/shop\/wp-json\/wp\/v2\/comments?post=100062"}],"wp:featuredmedia":[{"embeddable":true,"href":"https:\/\/sex60.de\/shop\/wp-json\/wp\/v2\/media\/94911"}],"wp:attachment":[{"href":"https:\/\/sex60.de\/shop\/wp-json\/wp\/v2\/media?parent=100062"}],"wp:term":[{"taxonomy":"product_brand","embeddable":true,"href":"https:\/\/sex60.de\/shop\/wp-json\/wp\/v2\/product_brand?post=100062"},{"taxonomy":"product_cat","embeddable":true,"href":"https:\/\/sex60.de\/shop\/wp-json\/wp\/v2\/product_cat?post=100062"},{"taxonomy":"product_tag","embeddable":true,"href":"https:\/\/sex60.de\/shop\/wp-json\/wp\/v2\/product_tag?post=100062"}],"curies":[{"name":"wp","href":"https:\/\/api.w.org\/{rel}","templated":true}]}}