{"id":100065,"date":"2025-01-11T20:06:12","date_gmt":"2025-01-11T19:06:12","guid":{"rendered":"https:\/\/sex60.de\/shop\/produkt\/siebenkreationen-jelly-slim-pink-anal-vibrator\/"},"modified":"2025-01-11T20:06:13","modified_gmt":"2025-01-11T19:06:13","slug":"siebenkreationen-jelly-slim-pink-anal-vibrator","status":"publish","type":"product","link":"https:\/\/sex60.de\/shop\/produkt\/siebenkreationen-jelly-slim-pink-anal-vibrator\/","title":{"rendered":"SIEBENKREATIONEN JELLY SLIM PINK ANAL VIBRATOR"},"content":{"rendered":"<p> Jelly Anal Vibrator. Perfekt f\u00fcr Anf\u00e4nger und Experten im Analspiel. <\/p>\n<ul>\n<li> Mit mehreren Geschwindigkeiten. <\/li>\n<li> Material: PVC <\/li>\n<li> Au\u00dfendurchmesser: 4 cm <\/li>\n<li> Wellenl\u00e4nge: 16cm <\/li>\n<\/ul>\n<p> Batterietyp: 1 AA-Batterie (nicht im Lieferumfang enthalten) <\/p>\n<p> Sevencreations wurde 2002 gegr\u00fcndet, um Millionen von Menschen auf der Welt zufrieden zu stellen. Die als solides Unternehmen etablierte Marke stellt t\u00e4glich fast 1 Million Spielzeuge zu einem Preis her, der an das Publikum aller Kaufkr\u00e4fte und Menschen angepasst ist, die auf der Welt anfangen des Sexspielzeugs. <\/p>\n","protected":false},"excerpt":{"rendered":"<p>Jelly Anal Vibrator. Perfekt f\u00fcr Anf\u00e4nger und Experten im Analspiel. Mit mehreren Geschwindigkeiten. Material: PVC Au\u00dfendurchmesser: 4 cm Wellenl\u00e4nge: 16cm Batterietyp: 1 AA-Batterie (nicht im Lieferumfang enthalten) Sevencreations wurde 2002 gegr\u00fcndet, um Millionen von Menschen auf der Welt zufrieden zu <a href=\"https:\/\/sex60.de\/shop\/produkt\/siebenkreationen-jelly-slim-pink-anal-vibrator\/\"> Read more&#8230;<\/a><\/p>\n","protected":false},"featured_media":94924,"comment_status":"closed","ping_status":"open","template":"","meta":[],"product_brand":[],"product_cat":[1083,1084,1080],"product_tag":[],"class_list":{"0":"post-100065","1":"product","2":"type-product","3":"status-publish","4":"has-post-thumbnail","6":"product_cat-dildos","7":"product_cat-penes-realisticos","8":"product_cat-sexspielzeug-xxx","10":"first","11":"instock","12":"taxable","13":"shipping-taxable","14":"purchasable","15":"product-type-simple"},"_links":{"self":[{"href":"https:\/\/sex60.de\/shop\/wp-json\/wp\/v2\/product\/100065","targetHints":{"allow":["GET"]}}],"collection":[{"href":"https:\/\/sex60.de\/shop\/wp-json\/wp\/v2\/product"}],"about":[{"href":"https:\/\/sex60.de\/shop\/wp-json\/wp\/v2\/types\/product"}],"replies":[{"embeddable":true,"href":"https:\/\/sex60.de\/shop\/wp-json\/wp\/v2\/comments?post=100065"}],"wp:featuredmedia":[{"embeddable":true,"href":"https:\/\/sex60.de\/shop\/wp-json\/wp\/v2\/media\/94924"}],"wp:attachment":[{"href":"https:\/\/sex60.de\/shop\/wp-json\/wp\/v2\/media?parent=100065"}],"wp:term":[{"taxonomy":"product_brand","embeddable":true,"href":"https:\/\/sex60.de\/shop\/wp-json\/wp\/v2\/product_brand?post=100065"},{"taxonomy":"product_cat","embeddable":true,"href":"https:\/\/sex60.de\/shop\/wp-json\/wp\/v2\/product_cat?post=100065"},{"taxonomy":"product_tag","embeddable":true,"href":"https:\/\/sex60.de\/shop\/wp-json\/wp\/v2\/product_tag?post=100065"}],"curies":[{"name":"wp","href":"https:\/\/api.w.org\/{rel}","templated":true}]}}