{"id":100098,"date":"2025-01-11T20:06:42","date_gmt":"2025-01-11T19:06:42","guid":{"rendered":"https:\/\/sex60.de\/shop\/produkt\/fetish-fantasy-nipple-chain-clamps\/"},"modified":"2025-01-11T20:06:42","modified_gmt":"2025-01-11T19:06:42","slug":"fetish-fantasy-nipple-chain-clamps","status":"publish","type":"product","link":"https:\/\/sex60.de\/shop\/produkt\/fetish-fantasy-nipple-chain-clamps\/","title":{"rendered":"FETISH FANTASY NIPPLE CHAIN CLAMPS"},"content":{"rendered":"<p> Mit diesen Alligator-Nippelklemmen f\u00fcr Anf\u00e4nger werden Ihre Brustwarzen zum Vergn\u00fcgen. Diese Klemmen bestehen aus strapazierf\u00e4higen Metallclips und sind mit weichen Gummi\u00fcberz\u00fcgen \u00fcberzogen. Sie eignen sich perfekt f\u00fcr Anf\u00e4nger und Fetisch-Enthusiasten. <\/p>\n<p> Der Druck, den Sie auf den Nippel aus\u00fcben, kann durch Drehen der Schraube eingestellt werden, und die gewichtete Kette verst\u00e4rkt den Druck, wenn Sie sich bewegen und die Kette schwingt. <\/p>\n<\/p>\n<p style=\"text-align: center;\"><embed allowfullscreen=\"true\" allowscriptaccess=\"always\" flashvars=\"&amp;controlbar=bottom&amp;netstreambasepath=http%3A%2F%2Fwww.pipedreamproducts.com%2F&amp;file=http%3A%2F%2Fwww.pipedreamproducts.com%2Fvideos%2Fpd2177-00.m4v&amp;autostart=true\" height=\"304\" src=\"http:\/\/www.pipedreamproducts.com\/jwplayer\/player.swf\" width=\"500\"><\/embed><\/p>\n","protected":false},"excerpt":{"rendered":"<p>Mit diesen Alligator-Nippelklemmen f\u00fcr Anf\u00e4nger werden Ihre Brustwarzen zum Vergn\u00fcgen. Diese Klemmen bestehen aus strapazierf\u00e4higen Metallclips und sind mit weichen Gummi\u00fcberz\u00fcgen \u00fcberzogen. Sie eignen sich perfekt f\u00fcr Anf\u00e4nger und Fetisch-Enthusiasten. Der Druck, den Sie auf den Nippel aus\u00fcben, kann durch <a href=\"https:\/\/sex60.de\/shop\/produkt\/fetish-fantasy-nipple-chain-clamps\/\"> Read more&#8230;<\/a><\/p>\n","protected":false},"featured_media":95110,"comment_status":"closed","ping_status":"open","template":"","meta":[],"product_brand":[],"product_cat":[1093],"product_tag":[],"class_list":{"0":"post-100098","1":"product","2":"type-product","3":"status-publish","4":"has-post-thumbnail","6":"product_cat-bondage-2","8":"first","9":"instock","10":"taxable","11":"shipping-taxable","12":"purchasable","13":"product-type-simple"},"_links":{"self":[{"href":"https:\/\/sex60.de\/shop\/wp-json\/wp\/v2\/product\/100098","targetHints":{"allow":["GET"]}}],"collection":[{"href":"https:\/\/sex60.de\/shop\/wp-json\/wp\/v2\/product"}],"about":[{"href":"https:\/\/sex60.de\/shop\/wp-json\/wp\/v2\/types\/product"}],"replies":[{"embeddable":true,"href":"https:\/\/sex60.de\/shop\/wp-json\/wp\/v2\/comments?post=100098"}],"wp:featuredmedia":[{"embeddable":true,"href":"https:\/\/sex60.de\/shop\/wp-json\/wp\/v2\/media\/95110"}],"wp:attachment":[{"href":"https:\/\/sex60.de\/shop\/wp-json\/wp\/v2\/media?parent=100098"}],"wp:term":[{"taxonomy":"product_brand","embeddable":true,"href":"https:\/\/sex60.de\/shop\/wp-json\/wp\/v2\/product_brand?post=100098"},{"taxonomy":"product_cat","embeddable":true,"href":"https:\/\/sex60.de\/shop\/wp-json\/wp\/v2\/product_cat?post=100098"},{"taxonomy":"product_tag","embeddable":true,"href":"https:\/\/sex60.de\/shop\/wp-json\/wp\/v2\/product_tag?post=100098"}],"curies":[{"name":"wp","href":"https:\/\/api.w.org\/{rel}","templated":true}]}}