{"id":100576,"date":"2025-01-11T20:25:08","date_gmt":"2025-01-11T19:25:08","guid":{"rendered":"https:\/\/sex60.de\/shop\/produkt\/leg-avenue-crothless-teddy-1x-2x\/"},"modified":"2025-01-11T20:25:09","modified_gmt":"2025-01-11T19:25:09","slug":"leg-avenue-crothless-teddy-1x-2x","status":"publish","type":"product","link":"https:\/\/sex60.de\/shop\/produkt\/leg-avenue-crothless-teddy-1x-2x\/","title":{"rendered":"LEG AVENUE CROTHLESS TEDDY 1X-2X"},"content":{"rendered":"<p>Ouvert-Teddy aus Netz und Spitze mit Wickelhalfter mit mehreren Tr\u00e4gern und faux Schn\u00fcrung am R\u00fccken, hergestellt von der renommierten Dessous-Marke Leg Avenue. Steigern Sie Ihre Weiblichkeit und erhalten Sie ein exklusives St\u00fcck verf\u00fchrerischer Sinnlichkeit und Eleganz.<\/p>\n<p> Eigenschaften:<\/p>\n<ul>\n<li> Teddy aus Netz und Spitze im Schritt<\/li>\n<li> mit Wickelhalfter mit mehreren Riemen<\/li>\n<li> Kunstschn\u00fcrung hinten<\/li>\n<li> Zusammensetzung: 93 % Polyamid\/Nylon 7 % Spandex<\/li>\n<li> Farbe: Schwarz<\/li>\n<li> Gr\u00f6\u00dfe: 1X-2X<\/li>\n<\/ul>\n<p> Leg Avenue hat ein grenzenloses Universum innovativer Kost\u00fcme und exquisiter Dessous und Strumpfwaren geschaffen. Mit sch\u00f6nen Designs, hochwertigen Materialien und einem ausgezeichneten Auge f\u00fcrs Detail. Unsere sexy Dessous zelebrieren alles, was feminin und kokett ist. <\/p>\n<p style=\"text-align: center;\"><img decoding=\"async\" alt=\"\" src=\"https:\/\/interno.dreamlove.es\/UserFiles\/images\/TABLA%20TALLAS.jpg\" style=\"width: 662px; height: 847px;\" \/><\/p>\n","protected":false},"excerpt":{"rendered":"<p>Ouvert-Teddy aus Netz und Spitze mit Wickelhalfter mit mehreren Tr\u00e4gern und faux Schn\u00fcrung am R\u00fccken, hergestellt von der renommierten Dessous-Marke Leg Avenue. Steigern Sie Ihre Weiblichkeit und erhalten Sie ein exklusives St\u00fcck verf\u00fchrerischer Sinnlichkeit und Eleganz. Eigenschaften: Teddy aus Netz <a href=\"https:\/\/sex60.de\/shop\/produkt\/leg-avenue-crothless-teddy-1x-2x\/\"> Read more&#8230;<\/a><\/p>\n","protected":false},"featured_media":97466,"comment_status":"closed","ping_status":"open","template":"","meta":[],"product_brand":[],"product_cat":[1103],"product_tag":[],"class_list":{"0":"post-100576","1":"product","2":"type-product","3":"status-publish","4":"has-post-thumbnail","6":"product_cat-unterwaesche","8":"first","9":"instock","10":"taxable","11":"shipping-taxable","12":"purchasable","13":"product-type-simple"},"_links":{"self":[{"href":"https:\/\/sex60.de\/shop\/wp-json\/wp\/v2\/product\/100576","targetHints":{"allow":["GET"]}}],"collection":[{"href":"https:\/\/sex60.de\/shop\/wp-json\/wp\/v2\/product"}],"about":[{"href":"https:\/\/sex60.de\/shop\/wp-json\/wp\/v2\/types\/product"}],"replies":[{"embeddable":true,"href":"https:\/\/sex60.de\/shop\/wp-json\/wp\/v2\/comments?post=100576"}],"wp:featuredmedia":[{"embeddable":true,"href":"https:\/\/sex60.de\/shop\/wp-json\/wp\/v2\/media\/97466"}],"wp:attachment":[{"href":"https:\/\/sex60.de\/shop\/wp-json\/wp\/v2\/media?parent=100576"}],"wp:term":[{"taxonomy":"product_brand","embeddable":true,"href":"https:\/\/sex60.de\/shop\/wp-json\/wp\/v2\/product_brand?post=100576"},{"taxonomy":"product_cat","embeddable":true,"href":"https:\/\/sex60.de\/shop\/wp-json\/wp\/v2\/product_cat?post=100576"},{"taxonomy":"product_tag","embeddable":true,"href":"https:\/\/sex60.de\/shop\/wp-json\/wp\/v2\/product_tag?post=100576"}],"curies":[{"name":"wp","href":"https:\/\/api.w.org\/{rel}","templated":true}]}}