{"id":100860,"date":"2025-01-11T20:33:13","date_gmt":"2025-01-11T19:33:13","guid":{"rendered":"https:\/\/sex60.de\/shop\/produkt\/fleshlube-feuer-100-ml\/"},"modified":"2025-01-11T20:33:14","modified_gmt":"2025-01-11T19:33:14","slug":"fleshlube-feuer-100-ml","status":"publish","type":"product","link":"https:\/\/sex60.de\/shop\/produkt\/fleshlube-feuer-100-ml\/","title":{"rendered":"FLESHLUBE FEUER 100 ML"},"content":{"rendered":"<p>Fleshlube Fire wurde entwickelt, um ein optimales weiches und feuchtes Gef\u00fchl zu erzeugen, Ihre Momente des Vergn\u00fcgens zu verbessern, eine stimulierende w\u00e4rmende Wirkung auf den Kontakt zu erzielen und ist somit die perfekte Erg\u00e4nzung f\u00fcr Ihr Fleshlight. Dank seiner Formel auf Wasserbasis und seiner hochwertigen Inhaltsstoffe hat es eine einzigartige nat\u00fcrliche und seidenartige Textur und ist einfach anzuwenden und zu reinigen. F\u00fcgen Sie neuen intimen Erlebnissen eine neue Art des Lichts hinzu!<\/p>\n<p>Fleshlube Fire ist auch:<\/p>\n<ul>\n<li>Erw\u00e4rmungseffekt beim Kontakt<\/li>\n<li>Dermatologisch zugelassen<\/li>\n<li>Empfindlich bei empfindlicher Haut<\/li>\n<li>Hypoallergen und nat\u00fcrlich<\/li>\n<li>Frei von Parabenen<\/li>\n<li>100 ml<\/li>\n<\/ul>\n","protected":false},"excerpt":{"rendered":"<p>Fleshlube Fire wurde entwickelt, um ein optimales weiches und feuchtes Gef\u00fchl zu erzeugen, Ihre Momente des Vergn\u00fcgens zu verbessern, eine stimulierende w\u00e4rmende Wirkung auf den Kontakt zu erzielen und ist somit die perfekte Erg\u00e4nzung f\u00fcr Ihr Fleshlight. Dank seiner Formel <a href=\"https:\/\/sex60.de\/shop\/produkt\/fleshlube-feuer-100-ml\/\"> Read more&#8230;<\/a><\/p>\n","protected":false},"featured_media":98417,"comment_status":"closed","ping_status":"open","template":"","meta":[],"product_brand":[],"product_cat":[1119,1120,1122],"product_tag":[],"class_list":{"0":"post-100860","1":"product","2":"type-product","3":"status-publish","4":"has-post-thumbnail","6":"product_cat-oele-und-schmierstoffe","7":"product_cat-schmierstoffe","8":"product_cat-wasserbasis","10":"first","11":"instock","12":"taxable","13":"shipping-taxable","14":"purchasable","15":"product-type-simple"},"_links":{"self":[{"href":"https:\/\/sex60.de\/shop\/wp-json\/wp\/v2\/product\/100860","targetHints":{"allow":["GET"]}}],"collection":[{"href":"https:\/\/sex60.de\/shop\/wp-json\/wp\/v2\/product"}],"about":[{"href":"https:\/\/sex60.de\/shop\/wp-json\/wp\/v2\/types\/product"}],"replies":[{"embeddable":true,"href":"https:\/\/sex60.de\/shop\/wp-json\/wp\/v2\/comments?post=100860"}],"wp:featuredmedia":[{"embeddable":true,"href":"https:\/\/sex60.de\/shop\/wp-json\/wp\/v2\/media\/98417"}],"wp:attachment":[{"href":"https:\/\/sex60.de\/shop\/wp-json\/wp\/v2\/media?parent=100860"}],"wp:term":[{"taxonomy":"product_brand","embeddable":true,"href":"https:\/\/sex60.de\/shop\/wp-json\/wp\/v2\/product_brand?post=100860"},{"taxonomy":"product_cat","embeddable":true,"href":"https:\/\/sex60.de\/shop\/wp-json\/wp\/v2\/product_cat?post=100860"},{"taxonomy":"product_tag","embeddable":true,"href":"https:\/\/sex60.de\/shop\/wp-json\/wp\/v2\/product_tag?post=100860"}],"curies":[{"name":"wp","href":"https:\/\/api.w.org\/{rel}","templated":true}]}}