{"id":100917,"date":"2025-01-11T20:36:02","date_gmt":"2025-01-11T19:36:02","guid":{"rendered":"https:\/\/sex60.de\/shop\/produkt\/aquaglide-fluessiges-schmiermittel-auf-wasserbasis-250-ml\/"},"modified":"2025-01-11T20:36:03","modified_gmt":"2025-01-11T19:36:03","slug":"aquaglide-fluessiges-schmiermittel-auf-wasserbasis-250-ml","status":"publish","type":"product","link":"https:\/\/sex60.de\/shop\/produkt\/aquaglide-fluessiges-schmiermittel-auf-wasserbasis-250-ml\/","title":{"rendered":"AQUAGLIDE FL\u00dcSSIGES SCHMIERMITTEL AUF WASSERBASIS 250 ML"},"content":{"rendered":"<p>Original AQUAGLIDE Liquid basiert auf Ihrer beliebten Gleitmittelmarke f\u00fcr sanftes erotisches Vergn\u00fcgen. Die einzigartige fl\u00fcssige Konsistenz ist \u00fcberraschend anders und beschert Ihnen aufregenden Nassspa\u00df beim Liebesspiel.<\/p>\n<p> Es vereint alle Eigenschaften eines Gleitmittels und l\u00e4sst sich leicht auftragen. Ihrer Kreativit\u00e4t sind keine Grenzen gesetzt. Genie\u00dfen Sie die Aquaglide-Fl\u00fcssigkeit oral, anal, vaginal oder f\u00fcr Intimmassagen. Selbstverst\u00e4ndlich ist das Liquid auch f\u00fcr die Soloanwendung geeignet. Es ist perfekt kompatibel mit Lovetoys (auch aus Silikon) und Latexkondomen<\/p>\n<p> AQUAGLIDE liquid ist wasserbasiert, kristallklar und pH-optimiert. Dermatolokale Tests garantieren eine besonders hohe Hautfreundlichkeit<\/p>\n<p> Anwendung: Einfach eine kleine Menge AQUAGLIDE Liquid auf die gew\u00fcnschten Stellen auftragen und&#8230;viel Spa\u00df!<\/p>\n<ul>\n<li> 250 ml<\/li>\n<\/ul>\n","protected":false},"excerpt":{"rendered":"<p>Original AQUAGLIDE Liquid basiert auf Ihrer beliebten Gleitmittelmarke f\u00fcr sanftes erotisches Vergn\u00fcgen. Die einzigartige fl\u00fcssige Konsistenz ist \u00fcberraschend anders und beschert Ihnen aufregenden Nassspa\u00df beim Liebesspiel. Es vereint alle Eigenschaften eines Gleitmittels und l\u00e4sst sich leicht auftragen. Ihrer Kreativit\u00e4t sind <a href=\"https:\/\/sex60.de\/shop\/produkt\/aquaglide-fluessiges-schmiermittel-auf-wasserbasis-250-ml\/\"> Read more&#8230;<\/a><\/p>\n","protected":false},"featured_media":98539,"comment_status":"closed","ping_status":"open","template":"","meta":[],"product_brand":[],"product_cat":[1119,1120,1122],"product_tag":[],"class_list":{"0":"post-100917","1":"product","2":"type-product","3":"status-publish","4":"has-post-thumbnail","6":"product_cat-oele-und-schmierstoffe","7":"product_cat-schmierstoffe","8":"product_cat-wasserbasis","10":"first","11":"instock","12":"taxable","13":"shipping-taxable","14":"purchasable","15":"product-type-simple"},"_links":{"self":[{"href":"https:\/\/sex60.de\/shop\/wp-json\/wp\/v2\/product\/100917","targetHints":{"allow":["GET"]}}],"collection":[{"href":"https:\/\/sex60.de\/shop\/wp-json\/wp\/v2\/product"}],"about":[{"href":"https:\/\/sex60.de\/shop\/wp-json\/wp\/v2\/types\/product"}],"replies":[{"embeddable":true,"href":"https:\/\/sex60.de\/shop\/wp-json\/wp\/v2\/comments?post=100917"}],"wp:featuredmedia":[{"embeddable":true,"href":"https:\/\/sex60.de\/shop\/wp-json\/wp\/v2\/media\/98539"}],"wp:attachment":[{"href":"https:\/\/sex60.de\/shop\/wp-json\/wp\/v2\/media?parent=100917"}],"wp:term":[{"taxonomy":"product_brand","embeddable":true,"href":"https:\/\/sex60.de\/shop\/wp-json\/wp\/v2\/product_brand?post=100917"},{"taxonomy":"product_cat","embeddable":true,"href":"https:\/\/sex60.de\/shop\/wp-json\/wp\/v2\/product_cat?post=100917"},{"taxonomy":"product_tag","embeddable":true,"href":"https:\/\/sex60.de\/shop\/wp-json\/wp\/v2\/product_tag?post=100917"}],"curies":[{"name":"wp","href":"https:\/\/api.w.org\/{rel}","templated":true}]}}