{"id":102967,"date":"2025-01-11T21:33:12","date_gmt":"2025-01-11T20:33:12","guid":{"rendered":"https:\/\/sex60.de\/shop\/produkt\/durex-climax-mutuo-12-uds\/"},"modified":"2025-01-11T21:33:12","modified_gmt":"2025-01-11T20:33:12","slug":"durex-climax-mutuo-12-uds","status":"publish","type":"product","link":"https:\/\/sex60.de\/shop\/produkt\/durex-climax-mutuo-12-uds\/","title":{"rendered":"DUREX CLIMAX MUTUO 12 UDS"},"content":{"rendered":"<p>Durex Mutual Climax sind Kondome mit Spitzen und Dehnungsstreifen, um den H\u00f6hepunkt zu beschleunigen, und Performa-Gleitmittel mit 5 % Benzocain, um ihn zu verz\u00f6gern.<\/p>\n<p> Eigenschaften von Durex Mutal Climax:<\/p>\n<ul>\n<li> Kondom mit Spitzen und Rillen zur Beschleunigung ihres H\u00f6hepunkts und Performa-Gleitmittel mit 5 % Benzocain zur Verz\u00f6gerung<\/li>\n<li> Anatomisch geformtes Easy-On, mit Einlage<\/li>\n<li> Transparente Kondome<\/li>\n<li> Nennbreite: 56 mm<\/li>\n<li> 12 Einheiten<\/li>\n<\/ul>\n<p> Die besondere Art und Weise, wie Durex Mutual Climax hergestellt wird, besteht darin, dass sie besser riechen und keine unangenehmen Ablenkungen entstehen, sodass Sie sich entspannen und genie\u00dfen k\u00f6nnen. Lesen Sie die Brosch\u00fcre mit dem Inhalt dieses Etuis sorgf\u00e4ltig durch, insbesondere wenn Sie Kondome f\u00fcr Oral- oder Analsex verwenden<\/p><\/p>\n","protected":false},"excerpt":{"rendered":"<p>Durex Mutual Climax sind Kondome mit Spitzen und Dehnungsstreifen, um den H\u00f6hepunkt zu beschleunigen, und Performa-Gleitmittel mit 5 % Benzocain, um ihn zu verz\u00f6gern. Eigenschaften von Durex Mutal Climax: Kondom mit Spitzen und Rillen zur Beschleunigung ihres H\u00f6hepunkts und Performa-Gleitmittel <a href=\"https:\/\/sex60.de\/shop\/produkt\/durex-climax-mutuo-12-uds\/\"> Read more&#8230;<\/a><\/p>\n","protected":false},"featured_media":102968,"comment_status":"closed","ping_status":"open","template":"","meta":[],"product_brand":[],"product_cat":[1147,1151],"product_tag":[],"class_list":{"0":"post-102967","1":"product","2":"type-product","3":"status-publish","4":"has-post-thumbnail","6":"product_cat-kondome-2","7":"product_cat-spezielle-kondome","9":"first","10":"instock","11":"taxable","12":"shipping-taxable","13":"purchasable","14":"product-type-simple"},"_links":{"self":[{"href":"https:\/\/sex60.de\/shop\/wp-json\/wp\/v2\/product\/102967","targetHints":{"allow":["GET"]}}],"collection":[{"href":"https:\/\/sex60.de\/shop\/wp-json\/wp\/v2\/product"}],"about":[{"href":"https:\/\/sex60.de\/shop\/wp-json\/wp\/v2\/types\/product"}],"replies":[{"embeddable":true,"href":"https:\/\/sex60.de\/shop\/wp-json\/wp\/v2\/comments?post=102967"}],"wp:featuredmedia":[{"embeddable":true,"href":"https:\/\/sex60.de\/shop\/wp-json\/wp\/v2\/media\/102968"}],"wp:attachment":[{"href":"https:\/\/sex60.de\/shop\/wp-json\/wp\/v2\/media?parent=102967"}],"wp:term":[{"taxonomy":"product_brand","embeddable":true,"href":"https:\/\/sex60.de\/shop\/wp-json\/wp\/v2\/product_brand?post=102967"},{"taxonomy":"product_cat","embeddable":true,"href":"https:\/\/sex60.de\/shop\/wp-json\/wp\/v2\/product_cat?post=102967"},{"taxonomy":"product_tag","embeddable":true,"href":"https:\/\/sex60.de\/shop\/wp-json\/wp\/v2\/product_tag?post=102967"}],"curies":[{"name":"wp","href":"https:\/\/api.w.org\/{rel}","templated":true}]}}