{"id":106255,"date":"2025-01-11T23:01:04","date_gmt":"2025-01-11T22:01:04","guid":{"rendered":"https:\/\/sex60.de\/shop\/produkt\/intimdeodorant-fuer-frauen-mit-pheromonen-75-ml\/"},"modified":"2025-01-11T23:01:04","modified_gmt":"2025-01-11T22:01:04","slug":"intimdeodorant-fuer-frauen-mit-pheromonen-75-ml","status":"publish","type":"product","link":"https:\/\/sex60.de\/shop\/produkt\/intimdeodorant-fuer-frauen-mit-pheromonen-75-ml\/","title":{"rendered":"INTIMDEODORANT F\u00dcR FRAUEN MIT PHEROMONEN 75 ML"},"content":{"rendered":"<p>F\u00fcr optimale Konditionierung, Intimhygiene und t\u00e4gliche Pflege des weiblichen Intimbereichs.<\/p>\n<p> Es wirkt korrigierend, desodorierend und weichmachend und ver\u00e4ndert den PH-Wert im Intimbereich nicht. zerst\u00f6rt die S\u00e4ureschicht nicht; Beseitigt schlechte Ger\u00fcche und sorgt f\u00fcr eine nat\u00fcrliche Reinigung.<\/p>\n<p> Denken Sie daran, dass gute Hygiene Sie vor allen Arten von Infektionen und Krankheiten sch\u00fctzt;<\/p>\n<p> Sehr empfehlenswert vor und nach dem Geschlechtsverkehr und wann immer Sie es f\u00fcr angemessen halten.<\/p>\n<p> Enth\u00e4lt ?Ferowoman?, um die m\u00e4nnliche Anziehung zu erleichtern und gleichzeitig intime Beziehungen zu f\u00f6rdern und den Orgasmus der Frau zu erleichtern<\/p>\n<ul>\n<li> Art der Nutzung; Dr\u00fccken Sie das Ventil wiederholt auf den Vulvabereich.<\/li>\n<li> 75-ml-Beh\u00e4lter<\/li>\n<\/ul>\n","protected":false},"excerpt":{"rendered":"<p>F\u00fcr optimale Konditionierung, Intimhygiene und t\u00e4gliche Pflege des weiblichen Intimbereichs. Es wirkt korrigierend, desodorierend und weichmachend und ver\u00e4ndert den PH-Wert im Intimbereich nicht. zerst\u00f6rt die S\u00e4ureschicht nicht; Beseitigt schlechte Ger\u00fcche und sorgt f\u00fcr eine nat\u00fcrliche Reinigung. Denken Sie daran, dass <a href=\"https:\/\/sex60.de\/shop\/produkt\/intimdeodorant-fuer-frauen-mit-pheromonen-75-ml\/\"> Read more&#8230;<\/a><\/p>\n","protected":false},"featured_media":106256,"comment_status":"closed","ping_status":"open","template":"","meta":[],"product_brand":[],"product_cat":[1181],"product_tag":[],"class_list":{"0":"post-106255","1":"product","2":"type-product","3":"status-publish","4":"has-post-thumbnail","6":"product_cat-reinigung-und-hygiene","8":"first","9":"instock","10":"taxable","11":"shipping-taxable","12":"purchasable","13":"product-type-simple"},"_links":{"self":[{"href":"https:\/\/sex60.de\/shop\/wp-json\/wp\/v2\/product\/106255","targetHints":{"allow":["GET"]}}],"collection":[{"href":"https:\/\/sex60.de\/shop\/wp-json\/wp\/v2\/product"}],"about":[{"href":"https:\/\/sex60.de\/shop\/wp-json\/wp\/v2\/types\/product"}],"replies":[{"embeddable":true,"href":"https:\/\/sex60.de\/shop\/wp-json\/wp\/v2\/comments?post=106255"}],"wp:featuredmedia":[{"embeddable":true,"href":"https:\/\/sex60.de\/shop\/wp-json\/wp\/v2\/media\/106256"}],"wp:attachment":[{"href":"https:\/\/sex60.de\/shop\/wp-json\/wp\/v2\/media?parent=106255"}],"wp:term":[{"taxonomy":"product_brand","embeddable":true,"href":"https:\/\/sex60.de\/shop\/wp-json\/wp\/v2\/product_brand?post=106255"},{"taxonomy":"product_cat","embeddable":true,"href":"https:\/\/sex60.de\/shop\/wp-json\/wp\/v2\/product_cat?post=106255"},{"taxonomy":"product_tag","embeddable":true,"href":"https:\/\/sex60.de\/shop\/wp-json\/wp\/v2\/product_tag?post=106255"}],"curies":[{"name":"wp","href":"https:\/\/api.w.org\/{rel}","templated":true}]}}