{"id":106286,"date":"2025-01-11T23:01:25","date_gmt":"2025-01-11T22:01:25","guid":{"rendered":"https:\/\/sex60.de\/shop\/produkt\/original-weiche-tampons-mini-3-uds\/"},"modified":"2025-01-11T23:01:25","modified_gmt":"2025-01-11T22:01:25","slug":"original-weiche-tampons-mini-3-uds","status":"publish","type":"product","link":"https:\/\/sex60.de\/shop\/produkt\/original-weiche-tampons-mini-3-uds\/","title":{"rendered":"ORIGINAL WEICHE TAMPONS MINI 3 UDS"},"content":{"rendered":"<p><strong>F\u00fcr die Sauna, f\u00fcr Sport, zum Schwimmen und f\u00fcr die Liebe.<\/strong><\/p>\n<p> Die Original Soft-Tampons sind ideal f\u00fcr besondere Momente im Leben. Zum Beispiel k\u00f6nnen sie von keinem Partner w\u00e4hrend des Liebesspiels gef\u00fchlt werden und sind auch \u00e4u\u00dferst bequem zu verwenden. Dank der praktischen Aufrei\u00dflasche l\u00e4sst sich der Soft-Tampon einfach mit nur einem Finger einf\u00fchren und entfernen! Bei den Original Soft-Tampons steht optimale Hygienesicherheit immer an erster Stelle. Durch permanente dermatologische und klinische Tests haben diese etablierten und einzeln verpackten Tampons nun Perfektion erreicht. Sie bestehen aus umweltfreundlichem, ungiftigem Schwammmaterial und enthalten keinerlei chemische Substanzen, sodass die M\u00f6glichkeit einer inneren Reizung ausgeschlossen ist. Sie sind sehr bequem und angenehm zu tragen. Sie zeichnen sich durch ihr weiches und geschmeidiges Material und ihr geringes Gewicht von nur 2 Gramm pro Tampon aus. Soft-Tampons &#8211; die gelungene Kombination aus Sicherheit, Hygiene, Wohlbefinden und Spa\u00df: Ideal auch bei sehr starkem Menstruationsfluss.<\/p>\n<p> <strong>Die vielen Vorteile von Soft-Tampons:<\/strong><\/p>\n<ul>\n<li> Ideal zur Verwendung mit Spermiziden<\/li>\n<li> Passt sich perfekt der weiblichen Anatomie an<\/li>\n<li> Bequem und angenehm zu tragen<\/li>\n<li> Geeignet f\u00fcr den Einsatz in Saunen und beim Schwimmen<\/li>\n<li> Hergestellt aus sterilem Hygienematerial<\/li>\n<li> Dermatologisch und klinisch getestet<\/li>\n<li> Sehr saugf\u00e4hig<\/li>\n<li> Sehr einfach zu bedienen<\/li>\n<li> HERGESTELLT IN DEUTSCHLAND<\/li>\n<li> Kann vom Partner beim Liebesspiel fast nicht gef\u00fchlt werden<\/li>\n<li> Umweltfreundlich und frei von chemischen Substanzen<\/li>\n<li> Jede Box enth\u00e4lt eine Einwegpackung AQUAglide und einen Menstruationszykluskalender<\/li>\n<\/ul>\n","protected":false},"excerpt":{"rendered":"<p>F\u00fcr die Sauna, f\u00fcr Sport, zum Schwimmen und f\u00fcr die Liebe. Die Original Soft-Tampons sind ideal f\u00fcr besondere Momente im Leben. Zum Beispiel k\u00f6nnen sie von keinem Partner w\u00e4hrend des Liebesspiels gef\u00fchlt werden und sind auch \u00e4u\u00dferst bequem zu verwenden. <a href=\"https:\/\/sex60.de\/shop\/produkt\/original-weiche-tampons-mini-3-uds\/\"> Read more&#8230;<\/a><\/p>\n","protected":false},"featured_media":106287,"comment_status":"closed","ping_status":"open","template":"","meta":[],"product_brand":[],"product_cat":[1181],"product_tag":[],"class_list":{"0":"post-106286","1":"product","2":"type-product","3":"status-publish","4":"has-post-thumbnail","6":"product_cat-reinigung-und-hygiene","8":"first","9":"instock","10":"taxable","11":"shipping-taxable","12":"purchasable","13":"product-type-simple"},"_links":{"self":[{"href":"https:\/\/sex60.de\/shop\/wp-json\/wp\/v2\/product\/106286","targetHints":{"allow":["GET"]}}],"collection":[{"href":"https:\/\/sex60.de\/shop\/wp-json\/wp\/v2\/product"}],"about":[{"href":"https:\/\/sex60.de\/shop\/wp-json\/wp\/v2\/types\/product"}],"replies":[{"embeddable":true,"href":"https:\/\/sex60.de\/shop\/wp-json\/wp\/v2\/comments?post=106286"}],"wp:featuredmedia":[{"embeddable":true,"href":"https:\/\/sex60.de\/shop\/wp-json\/wp\/v2\/media\/106287"}],"wp:attachment":[{"href":"https:\/\/sex60.de\/shop\/wp-json\/wp\/v2\/media?parent=106286"}],"wp:term":[{"taxonomy":"product_brand","embeddable":true,"href":"https:\/\/sex60.de\/shop\/wp-json\/wp\/v2\/product_brand?post=106286"},{"taxonomy":"product_cat","embeddable":true,"href":"https:\/\/sex60.de\/shop\/wp-json\/wp\/v2\/product_cat?post=106286"},{"taxonomy":"product_tag","embeddable":true,"href":"https:\/\/sex60.de\/shop\/wp-json\/wp\/v2\/product_tag?post=106286"}],"curies":[{"name":"wp","href":"https:\/\/api.w.org\/{rel}","templated":true}]}}