{"id":106361,"date":"2025-01-11T23:04:14","date_gmt":"2025-01-11T22:04:14","guid":{"rendered":"https:\/\/sex60.de\/shop\/produkt\/badezimmer-trimmer\/"},"modified":"2025-01-11T23:04:14","modified_gmt":"2025-01-11T22:04:14","slug":"badezimmer-trimmer","status":"publish","type":"product","link":"https:\/\/sex60.de\/shop\/produkt\/badezimmer-trimmer\/","title":{"rendered":"BADEZIMMER-TRIMMER"},"content":{"rendered":"<p> Um die Bathmate-Pumpenreihe effektiv nutzen zu k\u00f6nnen, darf der Bereich, in dem die Pumpe am K\u00f6rper abdichtet, nicht zu haarig sein. Wenn es haarig ist, macht die Pumpe einfach keine wirksame Abdichtung. Dies bedeutet, dass der Benutzer kein Vakuum im Gef\u00e4\u00df erzeugen kann. <br \/> Also m\u00fcssen Herren bemannt werden. Wir werden oft gefragt, wie kurz das Schamhaar sein muss, um eine Versiegelung zu erzeugen. <br \/> Die neue Verkleidung bedeutet, dass Sie nicht mehr raten m\u00fcssen. <\/p>\n<p> Im Kit enthalten ist ein Pr\u00e4zisionstrimmer sowie ein Trimmer in voller Gr\u00f6\u00dfe mit 4 verschiedenen F\u00fchrungsk\u00e4mmen. Der Pr\u00e4zisionstrimmer wird mit einem einstellbaren F\u00fchrungskamm mit 4 verschiedenen L\u00e4ngen geliefert. Wir empfehlen Nummer 3 als ideale Schnittl\u00e4nge, um eine hervorragende Abdichtung zu erzielen. <\/p>\n<p> Der Grund, warum wir uns f\u00fcr den Pr\u00e4zisionstrimmer entschieden haben, besteht darin, das Manscaping zu vereinfachen. Der kleinere Kopf ist wendiger und gelangt in die engeren Bereiche. <br \/> Wir haben festgestellt, dass mit zwei K\u00f6pfen mit variablen Aufs\u00e4tzen der Trim \u00fcberall am K\u00f6rper eingesetzt werden kann, wo das Haarwachstum unter Kontrolle gehalten werden muss. <\/p>\n<p> Der Trim ist \u00fcber USB wiederaufladbar, wurde ausgiebig getestet und wird mit einer 12-monatigen Garantie geliefert. <\/p>\n","protected":false},"excerpt":{"rendered":"<p>Um die Bathmate-Pumpenreihe effektiv nutzen zu k\u00f6nnen, darf der Bereich, in dem die Pumpe am K\u00f6rper abdichtet, nicht zu haarig sein. Wenn es haarig ist, macht die Pumpe einfach keine wirksame Abdichtung. Dies bedeutet, dass der Benutzer kein Vakuum im <a href=\"https:\/\/sex60.de\/shop\/produkt\/badezimmer-trimmer\/\"> Read more&#8230;<\/a><\/p>\n","protected":false},"featured_media":106362,"comment_status":"closed","ping_status":"open","template":"","meta":[],"product_brand":[],"product_cat":[1181],"product_tag":[],"class_list":{"0":"post-106361","1":"product","2":"type-product","3":"status-publish","4":"has-post-thumbnail","6":"product_cat-reinigung-und-hygiene","8":"first","9":"instock","10":"taxable","11":"shipping-taxable","12":"purchasable","13":"product-type-simple"},"_links":{"self":[{"href":"https:\/\/sex60.de\/shop\/wp-json\/wp\/v2\/product\/106361","targetHints":{"allow":["GET"]}}],"collection":[{"href":"https:\/\/sex60.de\/shop\/wp-json\/wp\/v2\/product"}],"about":[{"href":"https:\/\/sex60.de\/shop\/wp-json\/wp\/v2\/types\/product"}],"replies":[{"embeddable":true,"href":"https:\/\/sex60.de\/shop\/wp-json\/wp\/v2\/comments?post=106361"}],"wp:featuredmedia":[{"embeddable":true,"href":"https:\/\/sex60.de\/shop\/wp-json\/wp\/v2\/media\/106362"}],"wp:attachment":[{"href":"https:\/\/sex60.de\/shop\/wp-json\/wp\/v2\/media?parent=106361"}],"wp:term":[{"taxonomy":"product_brand","embeddable":true,"href":"https:\/\/sex60.de\/shop\/wp-json\/wp\/v2\/product_brand?post=106361"},{"taxonomy":"product_cat","embeddable":true,"href":"https:\/\/sex60.de\/shop\/wp-json\/wp\/v2\/product_cat?post=106361"},{"taxonomy":"product_tag","embeddable":true,"href":"https:\/\/sex60.de\/shop\/wp-json\/wp\/v2\/product_tag?post=106361"}],"curies":[{"name":"wp","href":"https:\/\/api.w.org\/{rel}","templated":true}]}}