{"id":108530,"date":"2025-01-11T23:59:47","date_gmt":"2025-01-11T22:59:47","guid":{"rendered":"https:\/\/sex60.de\/shop\/produkt\/behandlung-1-monat-penis-erhoehung-60-kapseln\/"},"modified":"2025-01-11T23:59:47","modified_gmt":"2025-01-11T22:59:47","slug":"behandlung-1-monat-penis-erhoehung-60-kapseln","status":"publish","type":"product","link":"https:\/\/sex60.de\/shop\/produkt\/behandlung-1-monat-penis-erhoehung-60-kapseln\/","title":{"rendered":"BEHANDLUNG 1 MONAT PENIS-ERH\u00d6HUNG 60 KAPSELN"},"content":{"rendered":"<p>Einer der Wirkstoffe in den Tabletten ist Tribulus Terrestris. Diese Substanz spielt eine sehr wichtige Rolle bei der Produktion des luteinisierenden Hormons oder LH.<\/p>\n<p> LH stimuliert die Testosteronproduktion im m\u00e4nnlichen Hoden. Ein h\u00f6herer Testosteronspiegel st\u00e4rkt den K\u00f6rper, die Energie und die Libido. All dies tr\u00e4gt dazu bei, eine Erektion zu erreichen und diese fest aufrechtzuerhalten.<\/p>\n<p> Sibirischer Ginseng hilft bei der Regulierung der Produktion von Sexualhormonen und verbessert das sexuelle Verlangen durch Steigerung der Libido.<\/p>\n<p> L-Arginin ist eine Aminos\u00e4ure, die die Muskeln entspannt und die Durchblutung der m\u00e4nnlichen Genitalien f\u00f6rdert.<\/p>\n<p> Muira Puama verbessert die Durchblutung und sorgt somit f\u00fcr eine deutlich bessere Durchblutung der m\u00e4nnlichen Geschlechtsorgane und des Penis. Durch die optimale Durchblutungsf\u00f6rderung vergr\u00f6\u00dfert sich der Penis.<\/p>\n<p> Sabal ist ein Kraut, das f\u00fcr seine positive Wirkung auf die Prostatafunktion und die sexuelle Energie bekannt ist. Calcium ist f\u00fcr das reibungslose Funktionieren von Nerven und Muskeln unerl\u00e4sslich.<\/p>\n<p> * Dieses Produkt enth\u00e4lt ein Etikett mit Anweisungen in den folgenden Sprachen: \/en\/de\/fr\/es\/it\/nl\/<\/p>\n","protected":false},"excerpt":{"rendered":"<p>Einer der Wirkstoffe in den Tabletten ist Tribulus Terrestris. Diese Substanz spielt eine sehr wichtige Rolle bei der Produktion des luteinisierenden Hormons oder LH. LH stimuliert die Testosteronproduktion im m\u00e4nnlichen Hoden. Ein h\u00f6herer Testosteronspiegel st\u00e4rkt den K\u00f6rper, die Energie und <a href=\"https:\/\/sex60.de\/shop\/produkt\/behandlung-1-monat-penis-erhoehung-60-kapseln\/\"> Read more&#8230;<\/a><\/p>\n","protected":false},"featured_media":108531,"comment_status":"closed","ping_status":"open","template":"","meta":[],"product_brand":[],"product_cat":[1191,1136],"product_tag":[],"class_list":{"0":"post-108530","1":"product","2":"type-product","3":"status-publish","4":"has-post-thumbnail","6":"product_cat-parapharmazie","7":"product_cat-verschiedene-artikel","9":"first","10":"instock","11":"taxable","12":"shipping-taxable","13":"purchasable","14":"product-type-simple"},"_links":{"self":[{"href":"https:\/\/sex60.de\/shop\/wp-json\/wp\/v2\/product\/108530","targetHints":{"allow":["GET"]}}],"collection":[{"href":"https:\/\/sex60.de\/shop\/wp-json\/wp\/v2\/product"}],"about":[{"href":"https:\/\/sex60.de\/shop\/wp-json\/wp\/v2\/types\/product"}],"replies":[{"embeddable":true,"href":"https:\/\/sex60.de\/shop\/wp-json\/wp\/v2\/comments?post=108530"}],"wp:featuredmedia":[{"embeddable":true,"href":"https:\/\/sex60.de\/shop\/wp-json\/wp\/v2\/media\/108531"}],"wp:attachment":[{"href":"https:\/\/sex60.de\/shop\/wp-json\/wp\/v2\/media?parent=108530"}],"wp:term":[{"taxonomy":"product_brand","embeddable":true,"href":"https:\/\/sex60.de\/shop\/wp-json\/wp\/v2\/product_brand?post=108530"},{"taxonomy":"product_cat","embeddable":true,"href":"https:\/\/sex60.de\/shop\/wp-json\/wp\/v2\/product_cat?post=108530"},{"taxonomy":"product_tag","embeddable":true,"href":"https:\/\/sex60.de\/shop\/wp-json\/wp\/v2\/product_tag?post=108530"}],"curies":[{"name":"wp","href":"https:\/\/api.w.org\/{rel}","templated":true}]}}