{"id":112247,"date":"2025-01-12T02:04:39","date_gmt":"2025-01-12T01:04:39","guid":{"rendered":"https:\/\/sex60.de\/shop\/produkt\/werden-sie-echt-klassischer-original-natuerlicher-vibrator\/"},"modified":"2025-01-12T02:04:40","modified_gmt":"2025-01-12T01:04:40","slug":"werden-sie-echt-klassischer-original-natuerlicher-vibrator","status":"publish","type":"product","link":"https:\/\/sex60.de\/shop\/produkt\/werden-sie-echt-klassischer-original-natuerlicher-vibrator\/","title":{"rendered":"WERDEN SIE ECHT ? KLASSISCHER ORIGINAL-NAT\u00dcRLICHER VIBRATOR"},"content":{"rendered":"<p>Der Get Real Collection Classic Original Vibrator ist ein Qualit\u00e4tsvibrator mit unglaublichen F\u00e4higkeiten und Nervenkitzel, der grenzenloses intimes Vergn\u00fcgen bietet.<\/p>\n<p> Das Design verf\u00fcgt \u00fcber einen sexy, leicht gebogenen Schaft, der Sie m\u00fchelos mit lustvollem Verlangen erf\u00fcllen wird.<\/p>\n<p> Dieser Lustspender hat eine lebensechte Silhouette mit realistischen Details wie pulsierenden Adern und einer ausgepr\u00e4gten Spitze.<\/p>\n<p> Seine kraftvollen Vibrationen mit mehreren Geschwindigkeiten lassen sich mit einem drehbaren Kappensockel leicht steuern und die glatte Silikonau\u00dfenseite f\u00fchlt sich seidig glatt auf der Haut an.<\/p>\n<p> Der originale klassische Vibrator ben\u00f6tigt 2 AA-Batterien und wird in einer eleganten, modernen Verpackung geliefert.<\/p>\n<p> <strong>Eigenschaften:<\/strong><\/p>\n<ul>\n<li> Gesamtl\u00e4nge:<span style=\"white-space:pre\"> <\/span>20,1 cm<\/li>\n<li> Durchmesser:<span style=\"white-space:pre\"> <\/span>4,4 cm<\/li>\n<li> einf\u00fchrbare L\u00e4nge:<span style=\"white-space:pre\"> <\/span>17cm<\/li>\n<li> Vibration:<span style=\"white-space:pre\"> <\/span>Ja<\/li>\n<li> Geschwindigkeitsmodi:<span style=\"white-space: pre;\"> <\/span>7<\/li>\n<li> Wasserdicht:<span style=\"white-space: pre;\"> <\/span>Regenjacke<\/li>\n<li> K\u00f6rpersicher:<span style=\"white-space:pre\"> <\/span>Ja<\/li>\n<li> Material:<span style=\"white-space: pre;\"> <\/span>Silikon<\/li>\n<li> Wiederaufladbar:<span style=\"white-space:pre\"> <\/span>NEIN<\/li>\n<li> Batterien:<span style=\"white-space:pre\"> <\/span>AA<\/li>\n<li> Batterieanzahl:<span style=\"white-space:pre\"> <\/span>2<\/li>\n<li> Batterien enthalten:<span style=\"white-space:pre\"> <\/span>NEIN<\/li>\n<\/ul>\n","protected":false},"excerpt":{"rendered":"<p>Der Get Real Collection Classic Original Vibrator ist ein Qualit\u00e4tsvibrator mit unglaublichen F\u00e4higkeiten und Nervenkitzel, der grenzenloses intimes Vergn\u00fcgen bietet. Das Design verf\u00fcgt \u00fcber einen sexy, leicht gebogenen Schaft, der Sie m\u00fchelos mit lustvollem Verlangen erf\u00fcllen wird. Dieser Lustspender hat <a href=\"https:\/\/sex60.de\/shop\/produkt\/werden-sie-echt-klassischer-original-natuerlicher-vibrator\/\"> Read more&#8230;<\/a><\/p>\n","protected":false},"featured_media":112248,"comment_status":"closed","ping_status":"open","template":"","meta":[],"product_brand":[],"product_cat":[1222,1080,1086],"product_tag":[],"class_list":{"0":"post-112247","1":"product","2":"type-product","3":"status-publish","4":"has-post-thumbnail","6":"product_cat-realistische-vibratoren","7":"product_cat-sexspielzeug-xxx","8":"product_cat-vibratoren","10":"first","11":"instock","12":"taxable","13":"shipping-taxable","14":"purchasable","15":"product-type-simple"},"_links":{"self":[{"href":"https:\/\/sex60.de\/shop\/wp-json\/wp\/v2\/product\/112247","targetHints":{"allow":["GET"]}}],"collection":[{"href":"https:\/\/sex60.de\/shop\/wp-json\/wp\/v2\/product"}],"about":[{"href":"https:\/\/sex60.de\/shop\/wp-json\/wp\/v2\/types\/product"}],"replies":[{"embeddable":true,"href":"https:\/\/sex60.de\/shop\/wp-json\/wp\/v2\/comments?post=112247"}],"wp:featuredmedia":[{"embeddable":true,"href":"https:\/\/sex60.de\/shop\/wp-json\/wp\/v2\/media\/112248"}],"wp:attachment":[{"href":"https:\/\/sex60.de\/shop\/wp-json\/wp\/v2\/media?parent=112247"}],"wp:term":[{"taxonomy":"product_brand","embeddable":true,"href":"https:\/\/sex60.de\/shop\/wp-json\/wp\/v2\/product_brand?post=112247"},{"taxonomy":"product_cat","embeddable":true,"href":"https:\/\/sex60.de\/shop\/wp-json\/wp\/v2\/product_cat?post=112247"},{"taxonomy":"product_tag","embeddable":true,"href":"https:\/\/sex60.de\/shop\/wp-json\/wp\/v2\/product_tag?post=112247"}],"curies":[{"name":"wp","href":"https:\/\/api.w.org\/{rel}","templated":true}]}}