{"id":127367,"date":"2025-01-12T09:48:28","date_gmt":"2025-01-12T08:48:28","guid":{"rendered":"https:\/\/sex60.de\/shop\/produkt\/lovense-nora-vibrator\/"},"modified":"2025-01-12T09:48:29","modified_gmt":"2025-01-12T08:48:29","slug":"lovense-nora-vibrator","status":"publish","type":"product","link":"https:\/\/sex60.de\/shop\/produkt\/lovense-nora-vibrator\/","title":{"rendered":"LOVENSE NORA VIBRATOR"},"content":{"rendered":"<p> Rotatorvibrator aus Silikon mit Fernbedienung von \u00fcberall auf der Welt <\/p>\n<ul>\n<li> &#8211; 100% Silikon. <\/li>\n<li> &#8211; Verschiedene Vibrations- und Rotationsmodi, ausgew\u00e4hlt vom Vibrator. <\/li>\n<li> &#8211; Design, das dank seiner zwei unterschiedlichen Enden viel Freude bereitet. <\/li>\n<li> &#8211; Fernbedienung von Ihrer mobilen Anwendung. Dank seines Bluetooth-Systems k\u00f6nnen Sie es sowohl physisch als auch von \u00fcberall auf der Welt steuern. <\/li>\n<li> &#8211; Unbegrenzte Vibrationsmodi von Ihrer APP. <\/li>\n<\/ul>\n<p> Es kann auf kompatiblen Webcam-Seiten verwendet werden und erh\u00e4lt Tipps \u00fcber das Produkt. <\/p>\n<p> Es funktioniert auch mit Musik, die auf Ihrem Ger\u00e4t gespeichert ist, oder mit externem Sound. Dank des Mikrofons des Ger\u00e4ts k\u00f6nnen Sie im Rhythmus des Klangs sprechen und vibrieren. <\/p>\n","protected":false},"excerpt":{"rendered":"<p>Rotatorvibrator aus Silikon mit Fernbedienung von \u00fcberall auf der Welt &#8211; 100% Silikon. &#8211; Verschiedene Vibrations- und Rotationsmodi, ausgew\u00e4hlt vom Vibrator. &#8211; Design, das dank seiner zwei unterschiedlichen Enden viel Freude bereitet. &#8211; Fernbedienung von Ihrer mobilen Anwendung. Dank seines <a href=\"https:\/\/sex60.de\/shop\/produkt\/lovense-nora-vibrator\/\"> Read more&#8230;<\/a><\/p>\n","protected":false},"featured_media":127368,"comment_status":"closed","ping_status":"open","template":"","meta":[],"product_brand":[],"product_cat":[1080,1081],"product_tag":[],"class_list":{"0":"post-127367","1":"product","2":"type-product","3":"status-publish","4":"has-post-thumbnail","6":"product_cat-sexspielzeug-xxx","7":"product_cat-spielzeug-fuer-frauen","9":"first","10":"outofstock","11":"taxable","12":"shipping-taxable","13":"purchasable","14":"product-type-simple"},"_links":{"self":[{"href":"https:\/\/sex60.de\/shop\/wp-json\/wp\/v2\/product\/127367","targetHints":{"allow":["GET"]}}],"collection":[{"href":"https:\/\/sex60.de\/shop\/wp-json\/wp\/v2\/product"}],"about":[{"href":"https:\/\/sex60.de\/shop\/wp-json\/wp\/v2\/types\/product"}],"replies":[{"embeddable":true,"href":"https:\/\/sex60.de\/shop\/wp-json\/wp\/v2\/comments?post=127367"}],"wp:featuredmedia":[{"embeddable":true,"href":"https:\/\/sex60.de\/shop\/wp-json\/wp\/v2\/media\/127368"}],"wp:attachment":[{"href":"https:\/\/sex60.de\/shop\/wp-json\/wp\/v2\/media?parent=127367"}],"wp:term":[{"taxonomy":"product_brand","embeddable":true,"href":"https:\/\/sex60.de\/shop\/wp-json\/wp\/v2\/product_brand?post=127367"},{"taxonomy":"product_cat","embeddable":true,"href":"https:\/\/sex60.de\/shop\/wp-json\/wp\/v2\/product_cat?post=127367"},{"taxonomy":"product_tag","embeddable":true,"href":"https:\/\/sex60.de\/shop\/wp-json\/wp\/v2\/product_tag?post=127367"}],"curies":[{"name":"wp","href":"https:\/\/api.w.org\/{rel}","templated":true}]}}