{"id":141681,"date":"2025-01-12T21:10:03","date_gmt":"2025-01-12T20:10:03","guid":{"rendered":"https:\/\/sex60.de\/shop\/produkt\/leg-avenue-dreiteiliges-set-bh-strumpfguertel-und-g-string-l\/"},"modified":"2025-01-12T21:10:03","modified_gmt":"2025-01-12T20:10:03","slug":"leg-avenue-dreiteiliges-set-bh-strumpfguertel-und-g-string-l","status":"publish","type":"product","link":"https:\/\/sex60.de\/shop\/produkt\/leg-avenue-dreiteiliges-set-bh-strumpfguertel-und-g-string-l\/","title":{"rendered":"LEG AVENUE DREITEILIGES SET BH, STRUMPFG\u00dcRTEL UND G-STRING L"},"content":{"rendered":"<p>BH-Oberteil, Strapsg\u00fcrtel und G-String aus Strass-Wimpernspitze, entworfen und hergestellt von der renommierten Dessous-Marke Leg Avenue. Steigern Sie Ihre Weiblichkeit und erhalten Sie ein exklusives St\u00fcck verf\u00fchrerischer Sinnlichkeit und Eleganz.<\/p>\n<p> Eigenschaften:<\/p>\n<ul>\n<li> 3-teiliges Set<\/li>\n<li> BH-Oberteil aus Strass-Wimpernspitze, Strumpfg\u00fcrtel und G-String<\/li>\n<li> Komposition:\n<ul>\n<li> Strumpfband: 93 % Polyester 7 % Spandex<\/li>\n<li> Spitze: 100 % Nylon<\/li>\n<\/ul>\n<\/li>\n<li> Verpackt in Luxuskarton<\/li>\n<li> Sexy und feminin,<\/li>\n<li> Gr\u00f6\u00dfe L<\/li>\n<\/ul>\n<p> Leg Avenue hat ein grenzenloses Universum innovativer Kost\u00fcme und exquisiter Dessous und Strumpfwaren geschaffen. Mit sch\u00f6nen Designs, hochwertigen Materialien und einem ausgezeichneten Auge f\u00fcrs Detail. Unsere sexy Dessous zelebrieren alles, was feminin und kokett ist. <\/p>\n<p style=\"text-align: center;\"><img decoding=\"async\" alt=\"\" src=\"https:\/\/interno.dreamlove.es\/UserFiles\/images\/TABLA%20TALLAS.jpg\" style=\"width: 662px; height: 847px;\" \/><\/p>\n","protected":false},"excerpt":{"rendered":"<p>BH-Oberteil, Strapsg\u00fcrtel und G-String aus Strass-Wimpernspitze, entworfen und hergestellt von der renommierten Dessous-Marke Leg Avenue. Steigern Sie Ihre Weiblichkeit und erhalten Sie ein exklusives St\u00fcck verf\u00fchrerischer Sinnlichkeit und Eleganz. Eigenschaften: 3-teiliges Set BH-Oberteil aus Strass-Wimpernspitze, Strumpfg\u00fcrtel und G-String Komposition: Strumpfband: <a href=\"https:\/\/sex60.de\/shop\/produkt\/leg-avenue-dreiteiliges-set-bh-strumpfguertel-und-g-string-l\/\"> Read more&#8230;<\/a><\/p>\n","protected":false},"featured_media":141682,"comment_status":"closed","ping_status":"open","template":"","meta":[],"product_brand":[],"product_cat":[1104,1106,1105,1103],"product_tag":[],"class_list":{"0":"post-141681","1":"product","2":"type-product","3":"status-publish","4":"has-post-thumbnail","6":"product_cat-dessous-fuer-damen","7":"product_cat-laessige-tagesunterwaesche","8":"product_cat-sexy-dessous","9":"product_cat-unterwaesche","11":"first","12":"instock","13":"taxable","14":"shipping-taxable","15":"purchasable","16":"product-type-simple"},"_links":{"self":[{"href":"https:\/\/sex60.de\/shop\/wp-json\/wp\/v2\/product\/141681","targetHints":{"allow":["GET"]}}],"collection":[{"href":"https:\/\/sex60.de\/shop\/wp-json\/wp\/v2\/product"}],"about":[{"href":"https:\/\/sex60.de\/shop\/wp-json\/wp\/v2\/types\/product"}],"replies":[{"embeddable":true,"href":"https:\/\/sex60.de\/shop\/wp-json\/wp\/v2\/comments?post=141681"}],"wp:featuredmedia":[{"embeddable":true,"href":"https:\/\/sex60.de\/shop\/wp-json\/wp\/v2\/media\/141682"}],"wp:attachment":[{"href":"https:\/\/sex60.de\/shop\/wp-json\/wp\/v2\/media?parent=141681"}],"wp:term":[{"taxonomy":"product_brand","embeddable":true,"href":"https:\/\/sex60.de\/shop\/wp-json\/wp\/v2\/product_brand?post=141681"},{"taxonomy":"product_cat","embeddable":true,"href":"https:\/\/sex60.de\/shop\/wp-json\/wp\/v2\/product_cat?post=141681"},{"taxonomy":"product_tag","embeddable":true,"href":"https:\/\/sex60.de\/shop\/wp-json\/wp\/v2\/product_tag?post=141681"}],"curies":[{"name":"wp","href":"https:\/\/api.w.org\/{rel}","templated":true}]}}