{"id":148973,"date":"2025-01-13T02:10:13","date_gmt":"2025-01-13T01:10:13","guid":{"rendered":"https:\/\/sex60.de\/shop\/produkt\/anais-herren-balance-boxer-m\/"},"modified":"2025-01-13T02:10:13","modified_gmt":"2025-01-13T01:10:13","slug":"anais-herren-balance-boxer-m","status":"publish","type":"product","link":"https:\/\/sex60.de\/shop\/produkt\/anais-herren-balance-boxer-m\/","title":{"rendered":"ANAIS HERREN &#8211; BALANCE BOXER M"},"content":{"rendered":"<p><strong>GLEICHGEWICHT<\/strong><br \/> Weiche Mikrofaser mit sch\u00f6nem Druck in schwarz, grau und wei\u00df kariert<\/p>\n<p> <strong>Merkmale<\/strong><\/p>\n<ul>\n<li> Herren-Boxershorts mit sportlichem Schnitt<\/li>\n<li> aus hochwertigem Material<\/li>\n<li> l\u00e4ngere Beine<\/li>\n<li> perfekte Anpassung an den K\u00f6rper<\/li>\n<\/ul>\n<div> <strong>Komposition<\/strong><\/div>\n<div>\n<ul>\n<li> 95 % Polyamid<\/li>\n<li> 5 % Elastan<\/li>\n<\/ul>\n<p> Anais Apparel die sexy Dessous der Welt seit 2003. <\/p>\n<\/div>\n<div>\n<table border=\"0\" cellpadding=\"0\" cellspacing=\"0\" style=\"border-collapse:\" width=\"832\" width:=\"\">\n<tbody>\n<tr height=\"23\" style=\"height:\">\n<td class=\"xl72\" colspan=\"8\" height=\"23\" style=\"height:\" width=\"832\" width:=\"\"> <strong>GR\u00d6SSENTABELLE<\/strong><\/td>\n<\/tr>\n<tr height=\"23\" style=\"height:\">\n<td class=\"xl73\" colspan=\"2\" height=\"23\" style=\"height:\"> Gr\u00f6\u00dfe<\/td>\n<td border-left:=\"class=xl71\" style=\"border-top:\" width=\"104\" width:=\"\"> S<\/td>\n<td border-left:=\"class=xl71\" style=\"border-top:\" width=\"104\" width:=\"\"> M<\/td>\n<td border-left:=\"class=xl71\" style=\"border-top:\" width=\"104\" width:=\"\"> L<\/td>\n<td border-left:=\"class=xl71\" style=\"border-top:\" width=\"104\" width:=\"\"> XL<\/td>\n<td border-left:=\"class=xl71\" style=\"border-top:\" width=\"104\" width:=\"\"> 2XL<\/td>\n<td border-left:=\"class=xl71\" style=\"border-top:\" width=\"104\" width:=\"\"> 3XL <\/td>\n<\/tr>\n<tr height=\"23\" style=\"height:\">\n<td class=\"xl74\" colspan=\"2\" height=\"23\" style=\"height:\" width=\"208\" width:=\"\"> Taille in cm<\/td>\n<td border-left:=\"class=xl72\" style=\"border-top:\" width=\"104\" width:=\"\"> 75-80<\/td>\n<td border-left:=\"class=xl72\" style=\"border-top:\" width=\"104\" width:=\"\"> 81-88<\/td>\n<td border-left:=\"class=xl71\" style=\"border-top:\" width=\"104\" width:=\"\"> 89-97<\/td>\n<td border-left:=\"class=xl71\" style=\"border-top:\" width=\"104\" width:=\"\"> 98-106<\/td>\n<td border-left:=\"class=xl71\" style=\"border-top:\" width=\"104\" width:=\"\"> 107-116<\/td>\n<td border-left:=\"class=xl71\" style=\"border-top:\" width=\"104\" width:=\"\"> 117-125<\/td>\n<\/tr>\n<\/tbody>\n<\/table>\n<\/div>\n<p> <strong>ANAIS, EINE DESSOUS F\u00dcR JEDEN SEXUELLEN GESCHMACK.<\/strong><\/p>\n<p> Nach der Einf\u00fchrung von ANAIS Dessous f\u00fcr Damen im Jahr 2016 wurde einige Jahre sp\u00e4ter, im Jahr 2021, die Marke ANAIS FOR MEN erfunden, um eine andere Marktnische zu bedienen. Die Eigent\u00fcmer des Familienunternehmens beschlossen, ANAIS zu lancieren und es zu einer Marke zu machen, die offener f\u00fcr Zielgruppen unterschiedlichen Alters und sexueller Vorlieben ist.<\/p>\n<p> Mit dem Start dieser Marke startete ANAIS richtig durch und verdoppelte seine Popularit\u00e4t jedes Jahr.<\/p>\n<p> Die St\u00e4rke liegt auch hier darin, dass die Marke in Europa kreiert und hergestellt wird, unter Verwendung der besten europ\u00e4ischen Textilien, aber anders hergestellt.<\/p>\n<p> Diese Marke wurde ausgefallener, sexier, wilder und wurde so nicht nur zu einer Marke f\u00fcr eine allgemein j\u00fcngere Altersgruppe, sondern auch zu einer Marke f\u00fcr gro\u00dfe Partys, die M\u00e4nner und Frauen einkleidet! Frauen aus ganz Europa.<\/p>\n<p> Aber alles wird immer noch in Polen hergestellt und hergestellt, von hoher Qualit\u00e4t, die die Qualit\u00e4t jedes Produkts vor dem Versand durch eine Qualit\u00e4tsabteilung \u00fcberpr\u00fcft.<\/p>\n<p> Als Folge des Erfolgs von ANAIS w\u00e4chst die Marke weiter, kreiert neue Kollektionen f\u00fcr M\u00e4nner und entwickelt eine gro\u00dfe Vielfalt. Mit einem w\u00fcrzigen und sexy Stil wurde ANAIS FOR MEN von der Community mit offenen Armen empfangen und ist heute eine Referenzmarke in der Mode, haupts\u00e4chlich f\u00fcr heterosexuelle M\u00e4nner, die auf ihr Image achten, und schwule M\u00e4nner aus der ganzen Welt.<\/p>\n","protected":false},"excerpt":{"rendered":"<p>GLEICHGEWICHT Weiche Mikrofaser mit sch\u00f6nem Druck in schwarz, grau und wei\u00df kariert Merkmale Herren-Boxershorts mit sportlichem Schnitt aus hochwertigem Material l\u00e4ngere Beine perfekte Anpassung an den K\u00f6rper Komposition 95 % Polyamid 5 % Elastan Anais Apparel die sexy Dessous der <a href=\"https:\/\/sex60.de\/shop\/produkt\/anais-herren-balance-boxer-m\/\"> Read more&#8230;<\/a><\/p>\n","protected":false},"featured_media":148974,"comment_status":"closed","ping_status":"open","template":"","meta":[],"product_brand":[],"product_cat":[1171,1271,1103],"product_tag":[],"class_list":{"0":"post-148973","1":"product","2":"type-product","3":"status-publish","4":"has-post-thumbnail","6":"product_cat-maenner-dessous","7":"product_cat-ropa-interior-casual","8":"product_cat-unterwaesche","10":"first","11":"instock","12":"taxable","13":"shipping-taxable","14":"purchasable","15":"product-type-simple"},"_links":{"self":[{"href":"https:\/\/sex60.de\/shop\/wp-json\/wp\/v2\/product\/148973","targetHints":{"allow":["GET"]}}],"collection":[{"href":"https:\/\/sex60.de\/shop\/wp-json\/wp\/v2\/product"}],"about":[{"href":"https:\/\/sex60.de\/shop\/wp-json\/wp\/v2\/types\/product"}],"replies":[{"embeddable":true,"href":"https:\/\/sex60.de\/shop\/wp-json\/wp\/v2\/comments?post=148973"}],"wp:featuredmedia":[{"embeddable":true,"href":"https:\/\/sex60.de\/shop\/wp-json\/wp\/v2\/media\/148974"}],"wp:attachment":[{"href":"https:\/\/sex60.de\/shop\/wp-json\/wp\/v2\/media?parent=148973"}],"wp:term":[{"taxonomy":"product_brand","embeddable":true,"href":"https:\/\/sex60.de\/shop\/wp-json\/wp\/v2\/product_brand?post=148973"},{"taxonomy":"product_cat","embeddable":true,"href":"https:\/\/sex60.de\/shop\/wp-json\/wp\/v2\/product_cat?post=148973"},{"taxonomy":"product_tag","embeddable":true,"href":"https:\/\/sex60.de\/shop\/wp-json\/wp\/v2\/product_tag?post=148973"}],"curies":[{"name":"wp","href":"https:\/\/api.w.org\/{rel}","templated":true}]}}